Suppose v*h - 5*h - n = -2*y, 0 = -3*y + 2*h + 15. List the prime factors of y.
5
Suppose 0 = 2*i + i. Suppose 0 = -i*h - 4*h + 64. List the prime factors of h.
2
Let t = 4 - 0. Let q(y) = -5*y - 1. Let d be q(-4). Suppose -d = -j - t*u, 0 = j + 3*j + 2*u - 20. What are the prime factors of j?
3
Let o be -5*2*(-5 - -3). Let x = o - 10. What are the prime factors of x?
2, 5
Let r(b) = -b**2 + 6*b - 4. Let x be r(6). Let l(i) = -i**3 + 2 + 4*i**2 - i + 2*i**3 + 0. List the prime factors of l(x).
2, 3
Let a(m) = -m**3 - 3*m**2 + 3*m - 3. Let u be a(-4). Suppose 0 = j - u - 1. Suppose j*i = -2*i + 4*g + 60, -4 = 2*g. What are the prime factors of i?
13
Suppose 121 - 689 = -4*y. List the prime factors of y.
2, 71
Suppose -k = 4*k - 80. List the prime factors of k.
2
Suppose 5*q + 314 = 5*v - 61, 3*q = -v + 83. List the prime factors of v.
7, 11
Let t = 47 + -75. List the prime factors of (t/(-21))/((-1)/(-3)).
2
Let f be 4*(-2 + 1/2). Let v(s) = s**3 + 8*s**2 + 7*s - 5. What are the prime factors of v(f)?
5
Let p(z) = -3 + 1 + 13*z + 2 + 1. What are the prime factors of p(3)?
2, 5
Let s(r) = 5*r**2. Let a(m) = 15*m**2 - 1. Let g(l) = 4*a(l) - 11*s(l). List the prime factors of g(-2).
2
Suppose 7*b - 20 = 2*b. Let y = -168 + 235. Suppose -y = -b*x - 23. What are the prime factors of x?
11
List the prime factors of (-2)/4 - (6 - 618/4).
2, 37
Let m(d) = d**2 + 2*d - 1. Let z be m(-3). Suppose 0 = -z*a - 4 + 10. List the prime factors of a.
3
Let u(z) = -2*z**3 - 5*z**2 - z + 2. Let r be u(-4). Suppose 3*f - r = -2*o, -4*f + 7*o - 2*o + 49 = 0. What are the prime factors of f?
2
Suppose 0 = -l + 4*l. List the prime factors of -1 + -2 + l + 11.
2
Let u(s) = -s**3 + 8*s**2 - 7. Let b be u(8). Let c = 15 - 1. Let h = c + b. What are the prime factors of h?
7
Suppose j - 155 = -31. Suppose -s + 3*s = j. Let p = -44 + s. What are the prime factors of p?
2, 3
Let s = 446 - 304. List the prime factors of s.
2, 71
Suppose 3*i - 48 - 81 = 0. List the prime factors of i.
43
Suppose -2*n - 23 = -2*y + 17, -4*n + 4 = 0. List the prime factors of y.
3, 7
Let t(i) = -5*i + 1. Let m be t(1). Let k = m + 6. What are the prime factors of k?
2
Let n(j) = 2*j**2 - 4. What are the prime factors of n(4)?
2, 7
Let q(h) = h**2 + h + 2. Let k be q(0). Suppose 6 - k = 2*x. What are the prime factors of x?
2
Let f = 48 - -9. List the prime factors of f.
3, 19
Suppose -5*g - 25 = -p + 2, 0 = -5*p - 5*g - 15. Let a be p - (2 - -1 - 1). Suppose 4*r - 17 - 7 = a. What are the prime factors of r?
2, 3
Let p be (-2)/11 - 450/(-55). List the prime factors of 4/6*(p + -5).
2
Let z(t) = 50*t**2 - 8*t + 15. List the prime factors of z(2).
199
Let i(u) = 8*u**2 - 2*u. What are the prime factors of i(2)?
2, 7
Let a(s) = -s**3 - 4*s**2 + 3*s - 9. What are the prime factors of a(-6)?
3, 5
Suppose 0 = 5*f - 111 - 179. Let p = f - 40. List the prime factors of p.
2, 3
Let v = 21 - 12. List the prime factors of v.
3
Let u = -3 + -3. Let n be 2*1/u*-6. Suppose 0 = 4*r - n*r - 30. What are the prime factors of r?
3, 5
Let n(j) = 23*j**2 - 2*j + 1. List the prime factors of n(1).
2, 11
Let k = -899 - -1278. List the prime factors of k.
379
Let z be (-1 + 3/2)*-2. Let q = 2 - z. List the prime factors of (q/(-9))/((-2)/24).
2
Let q be 364/21 + 4/6. Let c = 18 + -31. Let i = c + q. List the prime factors of i.
5
Let m(i) = -i**2 - i + 1. Let g be m(-4). Let s = 17 + g. Suppose y - 17 = -3*t, 4*t - s*t + 30 = 2*y. List the prime factors of y.
2, 7
Let o = 14 + -9. Suppose o*a - d - 12 = d, 4*a + d = 7. What are the prime factors of ((-9)/18)/(a/(-48))?
2, 3
Suppose 2*x - 156 = -x. What are the prime factors of x?
2, 13
Suppose 5*d = -2*j + 29, -6*d = -4*j - 2*d - 12. What are the prime factors of j - 3/(-6)*2?
3
Let n(c) = 8*c - 6*c - 4 + 1. Let f be n(4). Suppose f*x = -0*g + 2*g + 37, -3*x = -g - 22. List the prime factors of x.
7
Suppose -3*g - i = -176, 5*g + 3*i = 4*g + 72. List the prime factors of g.
3, 19
Let r be 6 - (-3)/6*-2. Let f be (6/(-4))/(r/(-190)). Suppose g - f = -2*g. List the prime factors of g.
19
What are the prime factors of 2/(-9) - (-2080)/45?
2, 23
What are the prime factors of (-2)/(16/(-12))*(2 + 226)?
2, 3, 19
Let t(a) = a + 10. Suppose r - u + 4 = -3*r, -3*u - 16 = 2*r. Let o be r/(-9) - (-65)/(-9). What are the prime factors of t(o)?
3
Suppose 3*g - 2*g - 5 = 0. Let w be 2/(-3) - 610/(-15). Suppose -l - 3*u = -2*u - 12, 3*l = -g*u + w. What are the prime factors of l?
2, 5
Let t(z) = -z**3 - 5*z**2 + 14*z + 7. Let x be t(-7). Suppose -5*n = -2*h - 37, -2*n - 5*h - 5 = -14. Let u = n + x. What are the prime factors of u?
2, 7
Suppose -20 = -5*o, -4*w + 8 = 2*o - 84. List the prime factors of w.
3, 7
Let v = -32 - -54. Let b = v - 10. List the prime factors of b.
2, 3
Let v = -7 - -9. Let d be 3*(6/(-9))/v. List the prime factors of (d*4)/((-4)/8).
2
Suppose -u - 15 = -2*s, 0 = -6*u + 3*u - 3*s. Let a = u + 11. What are the prime factors of a?
2, 3
Let q = -5 - -18. Let d = q - 5. List the prime factors of d.
2
Suppose 7*u - 2*u = 45. Let w = u + 9. What are the prime factors of 1/(-2 + w/8)?
2
Let y(n) = -2 - 16*n**3 + 562*n**2 - 3*n - 562*n**2. List the prime factors of y(-1).
17
Suppose 0 = -z + 10 + 108. What are the prime factors of z?
2, 59
Let z(t) be the third derivative of -t**6/120 - 11*t**5/60 + 5*t**4/12 - t**3 + 4*t**2. Suppose 7*n + 36 = 4*n. What are the prime factors of z(n)?
2, 3
Let r = 36 + -10. What are the prime factors of r?
2, 13
Suppose -2*n + 3*o = -69, 0 = -n - 2*o + 5*o + 27. List the prime factors of n.
2, 3, 7
Let n(m) = 4*m**3 - 5*m**2 - 6*m - 2. Let s(x) = -x**3 + x. Let v(r) = n(r) + 5*s(r). Let h be v(-5). List the prime factors of -2 - -4 - (-4 + h).
3
Let i = -238 + 447. What are the prime factors of i?
11, 19
Let b = -3 + 5. Suppose -o = b - 21. What are the prime factors of o?
19
Let r(j) = -2*j - 3. Let h be r(-4). Suppose 34 + 41 = h*z. List the prime factors of z.
3, 5
Let p(q) = -2*q**2 + 13*q + 5. What are the prime factors of p(6)?
11
Suppose -4*b - i = -659, 4*b + 2*i = -0*i + 658. List the prime factors of b.
3, 5, 11
Let d be 1 - (-5 + 3 + -1). Suppose i - d = 0, -s - 6*i + i + 36 = 0. What are the prime factors of s?
2
Let l(u) = -u**3 + u**2 + u + 19. Let y be -3 + 2 + -2 + 3. What are the prime factors of l(y)?
19
Suppose 4*m - 441 = 3*z - 138, -m = 5*z - 47. List the prime factors of m.
2, 3
List the prime factors of 3 + 10 + (5 - 5).
13
Let m(o) = -o**2 - 10*o + 13. List the prime factors of m(-9).
2, 11
Suppose k - 2*g = -3*k + 8, 0 = -4*g. Suppose 2*c = q + 50, k*q - 89 = -3*c - 0*q. Suppose 3*o = 9 + c. What are the prime factors of o?
2, 3
Let n(h) = -2*h**2 - 5*h - 3. Let u be n(-3). List the prime factors of (9/u)/(1/(-10)).
3, 5
Suppose 3*j + q = 398, -2*q - 392 = -3*j - 0*q. What are the prime factors of j?
2, 3, 11
Let d(c) = 24*c**2 + c + 2. List the prime factors of d(2).
2, 5
Let k(b) = -b**3 - 5*b**2 + 1. Suppose -j = 3 + 2. Let m be k(j). Let h(p) = 6*p**3 - p**2. List the prime factors of h(m).
5
Let j(a) = 11*a**2 - 1. Let p be j(-1). Let w(u) = -u**2 - 5. Let y be w(0). List the prime factors of -1*4*p/y.
2
Let h = 2 - 6. Suppose -5*t - 34 = -2*f, t = f + 2*t - 3. Let r = h + f. List the prime factors of r.
3
Let h(c) be the first derivative of 1/3*c**3 + 3 + 4*c - c**2. List the prime factors of h(3).
7
Let u(a) = 0*a**2 + 2*a + 26 - a - 1 - a**2. List the prime factors of u(0).
5
Suppose 7*k - 491 - 363 = 0. What are the prime factors of k?
2, 61
Let c(j) = -j - 2. Let g be c(-4). Let v = -11 - -11. Suppose v = -g*q + q + 7. List the prime factors of q.
7
Suppose d - 4*p - 19 = -0*p, -7 = -d + p. What are the prime factors of d - (-21 + 6/(-3))?
2, 13
Suppose f - 315 = n, 0 = -0*f - 3*f - 15. List the prime factors of n/(-15) - 3/9.
3, 7
Let b = -5 + 14. Suppose b + 1 = y. List the prime factors of y.
2, 5
Suppose 6*s - s = -g + 28, -5*s + g + 22 = 0. What are the prime factors of s?
5
Suppose -4*b = b + 4*k + 20, -4*b + 3*k = -15. Suppose i + 2 = 3, b = 4*w + 4*i - 112. Suppose 15 = o - 3*l - 6, -o + 5*l = -w. List the prime factors of o.
2, 3
Let l(z) be the third derivative of -1/6*z**3 + 1/60*z**5 + 0*z + 0*z**4 + 4*z**2 + 0. What are the prime factors of l(4)?
3, 5
Let k(w) = 18*w - 1. Let o